+ 9*o - 5*o - 9 - o**2 + 2*o**2. Let l be n(-7). Calculate the highest common factor of l and 4.
4
Suppose 251 = 3*n - 4*u, -5*n - 8*u + 424 = -9*u. What is the greatest common divisor of n and 17?
17
Suppose 5*c - 842 = -262. What is the greatest common factor of 4 and c?
4
Let w(b) = b + 2. Let f be w(-2). Suppose -2*h + 4*h - 4 = f. Suppose 5*m - 6*u + 3*u = h, -u = -2*m + 1. What is the highest common factor of m and 11?
1
Suppose 11 = f + 5*i - 6*i, 3*i = -5*f + 87. Suppose 4*a - 169 = f. What is the greatest common factor of a and 69?
23
Let v be (4/3)/((-28)/(-63)). Suppose v*i = -5*i + 16. Calculate the greatest common divisor of 6 and i.
2
Let i = -22 - -24. Suppose -30 = -i*r + 410. What is the greatest common divisor of 20 and r?
20
Suppose 29 - 103 = -2*q + 2*z, 0 = 4*q - z - 157. Suppose 0*k = -3*h + k + 96, -3*h + 2*k + 102 = 0. What is the highest common factor of q and h?
10
Let d be 72/5*(-375)/(-150). Suppose f - 84 = -4*o + 56, -5*f + 160 = 5*o. What is the greatest common factor of o and d?
36
Suppose -g - 495 = -6*g. Let s = -18 + 23. Suppose -34 = -2*k + 3*r, -s*k - 3*r + 32 = -11. Calculate the highest common factor of g and k.
11
Suppose 10*q + 8 = 12*q. Suppose x = -3, 0*m - q*x = 4*m - 628. Calculate the highest common factor of 20 and m.
20
Suppose 0 = -3*i + 5*p + 295 + 1420, 0 = 3*i + 3*p - 1707. Calculate the greatest common factor of i and 30.
30
Suppose -23 = -n - 4*v, -2*v - 56 = -n - 3*n. Suppose -n = -5*u + s, u - s = -u + 9. What is the greatest common factor of u and 7?
1
Let p be 9/45*-5*0/(-1). Let v be (-6)/(-2) - (-6 - p). What is the highest common divisor of v and 21?
3
Suppose 0 = 13*q - q - 14352. Calculate the highest common divisor of q and 46.
46
Suppose -129 - 51 = 4*w. Let t(c) = -4*c**3 + c**2 + 2*c. Let q be t(2). Let j = q - w. Calculate the highest common divisor of 7 and j.
7
Let a be ((-6)/(-10))/((-1)/(-5)). Suppose -4*w = z - 33, a*w - 3 = 2*w. What is the highest common factor of 7 and z?
7
Let g(a) = -a**3 - 6*a**2 + 4*a - 2. Let i be g(-7). Suppose -15*c + i*c - 360 = 0. Calculate the greatest common factor of 18 and c.
18
Suppose -9*v + 320 = -4*v. Calculate the greatest common divisor of 24 and v.
8
Suppose -65*o + 3556 = -58*o. Calculate the greatest common factor of 635 and o.
127
Let i be -3*1 - 42/(-6). Suppose f + 9 = -i*w, 6*w - w = -25. Calculate the greatest common factor of 88 and f.
11
Let m(n) = -9*n. Let w be m(-1). Suppose 0 = -46*f + 43*f + 27. Let o be f*((-15)/(-3) - 0). Calculate the greatest common divisor of w and o.
9
Suppose 4*d + 2*g = 156, 5*d = -2*g + 106 + 90. Calculate the highest common divisor of d and 60.
20
Let u be 55 + 3/1 + 1. Suppose u = 3*m + 3*c - 22, -2*m - 3*c + 50 = 0. What is the greatest common factor of m and 341?
31
Let y = -28 + 33. Let m be 2 + (-3)/1 + y. Suppose 12 = 4*x + m*v, -2*x = 2*v + 2*v - 8. What is the highest common factor of x and 3?
1
Let r = -1426 - -1438. Calculate the highest common factor of 15 and r.
3
Let i be (-5)/(21/42 + 12/(-23)). Calculate the highest common factor of 345 and i.
115
Let q = -249 + 461. Calculate the greatest common divisor of q and 53.
53
Let w be (29 - 55)*(-2)/4. Calculate the highest common divisor of 533 and w.
13
Let l be (4/6)/((-21542)/2394 - -9). Let z(j) = -j**3 - 5*j**2 + 7*j + 8. Let y be z(-7). What is the greatest common divisor of l and y?
57
Suppose -6*l = 2*q - 4*l - 20, 4*l + 44 = 2*q. Suppose -x - x + 28 = 0. Calculate the highest common factor of q and x.
14
Suppose 137*l + 10416 = 149*l. Calculate the greatest common factor of 124 and l.
124
Let o(a) = a**3 - 8*a**2 + 12*a. Let h be o(6). Suppose 3*j = 0, h = -5*u - j + 2*j + 65. Calculate the highest common divisor of 117 and u.
13
Suppose -54 = -9*n + 3*n. Let l be 1*-1 - (7 - 9). Calculate the greatest common divisor of n and l.
1
Suppose 56 = 2*i + 52. Calculate the highest common factor of i and 29.
1
Let q(m) = m**3 + 11*m**2 + 23*m + 9. Let p be q(-8). Calculate the highest common factor of 34 and p.
17
Let k be 1*(-7 - -4)*-23. What is the greatest common factor of k and 115?
23
Suppose 7*f = 38 + 116. Calculate the greatest common divisor of 363 and f.
11
Suppose 2*y - 65 = -s, -3*y + s + 67 = -y. What is the greatest common factor of 21 and y?
3
Let d be 2124/10*(-7 - 114/(-12)). Calculate the highest common divisor of d and 9.
9
Let t(z) be the first derivative of -z**2 + 32*z - 16. Let u be t(-17). What is the greatest common divisor of u and 99?
33
Suppose 0 = q + 3*t - 44 - 28, -q - t + 80 = 0. What is the highest common divisor of 294 and q?
42
Let a(n) = n**2 + 4*n - 36. Let v be a(14). What is the greatest common divisor of 189 and v?
27
Suppose -6*x + 2*x = -188. Let h = -15 + 30. Suppose h = -4*b + x. What is the greatest common divisor of 8 and b?
8
Let x = -61 - -116. Suppose 3*q = 44 + x. What is the greatest common factor of q and 3?
3
Suppose 951 = 2*r + f, -2*f + 158 = -3*r + 1567. What is the greatest common factor of 11 and r?
11
Let y(r) = 246*r - 623. Let a be y(4). Calculate the highest common divisor of a and 76.
19
Let w(l) = 53*l - 19. Let k be w(3). What is the greatest common divisor of k and 84?
28
Suppose 2*p - s = -2*s + 13, -p - 4*s = -3. Suppose -p*c = -3*c - 60. What is the highest common divisor of 120 and c?
15
Let j(a) = 2*a - 76. Let u be j(0). Let q be -1 - 2*u/2. What is the highest common divisor of 30 and q?
15
Suppose -43*w - 5 - 38 = 0. Let v = 0 - 1. Let h be 8 + -2 + (v - w). Calculate the highest common factor of 6 and h.
6
Let c(t) = -2*t + 26. Let i be c(8). Let q = i - -26. What is the highest common divisor of q and 12?
12
Let h(v) = -v**3 - 33*v**2 - 35*v - 72. Let x be h(-32). What is the highest common factor of x and 60?
12
Suppose 15 = 48*n - 47*n. What is the greatest common divisor of n and 5?
5
Suppose 0 = -5*o - 3*m + 525, 17 + 3 = -4*m. Let n be (0 - (2 - 2)) + 72. What is the highest common divisor of n and o?
36
Suppose 3*r = 8*r - 5*g - 285, 4*g = -4. Calculate the greatest common factor of r and 140.
28
Let g = -2 + 8. Suppose 7 + 203 = g*y. What is the highest common factor of y and 315?
35
Let s(c) be the second derivative of 2*c**3 - 21*c. Let w be s(2). What is the greatest common divisor of w and 8?
8
Suppose -2*j + 109 = -5*p, -4*p = -8*p - 20. Let i = -2 - 1. Let m(t) = -t**2 - 6*t - 3. Let b be m(i). Calculate the greatest common divisor of j and b.
6
Let t be (-8)/(-3)*(-21)/(-14). Let s(d) = d**3 - 13*d + 6. Let u be s(t). Calculate the greatest common divisor of u and 18.
18
Suppose 132 = 40*o - 108. What is the highest common factor of o and 42?
6
Suppose 4*i = -2*u + 590, -5*i + 3*u + 730 = -2*u. Suppose -10*d + i = -13. Calculate the highest common factor of d and 8.
8
Suppose -10*m + 31 + 29 = 0. Calculate the highest common divisor of m and 106.
2
Let l(t) = t**3 + 11*t**2 + 10*t + 13. Let r be l(-10). Let v be (-2)/3*(-24)/(-8). Let h be (3 - 3) + v - -67. What is the highest common factor of r and h?
13
Let z(s) = 7*s - 7. Let j be z(5). Let k be (-3)/2*(-63448)/309. What is the highest common factor of j and k?
28
Suppose -5*y + 128 = b - 210, -y + 2*b + 61 = 0. Suppose -217 + y = -3*n. What is the highest common factor of 10 and n?
10
Let y(h) be the third derivative of h**2 + 0*h**4 + 0 + 0*h + 19/20*h**5 - 1/6*h**3. Let i be y(1). What is the greatest common factor of 14 and i?
14
Let r be (-272)/(-5) + 4/(-10). Suppose -19*x - 20*x + 408 = 29*x. Calculate the greatest common factor of x and r.
6
Let c(s) = -s**2 + 14*s + 7. Let g be c(12). Suppose 2 = v + 2*q - 6, 2*v - g = -q. Suppose 2 = d - v. Calculate the highest common divisor of 40 and d.
20
Let d = 98 - 100. Let p be 5 + d - (-80 + 20/(-4)). What is the greatest common factor of 11 and p?
11
Suppose 18504 = 51*k - 12861. What is the greatest common factor of 164 and k?
41
Suppose 5*n - u - 2661 = 0, 69*n + 2653 = 74*n - 3*u. What is the greatest common factor of 78 and n?
13
Suppose -3*x = 3, 3*x + 3 + 6 = 2*k. Suppose -y = -0*y + 2*i - 13, -2*y = k*i - 25. Calculate the highest common factor of y and 44.
11
Suppose -2*b + 3*n = -16, 0 = -4*b + n - 3*n. Suppose 4*r - b = 222. Let t be (28/1)/(1/1 + 1). Calculate the greatest common divisor of t and r.
14
Suppose -2*l + 1